. Let h = 33 - 38. Give x(h).
3
Suppose -4*u + 5*u = 2*w, -u - 4*w - 12 = 0. Let a(q) = -q - 2*q - 5 + 6. Let p(r) = -2*r + 1. Let k(j) = u*a(j) + 5*p(j). What is k(-1)?
-1
Let w = 2 + -4. Let h(s) = -3*s. Let r(z) = 13*z - 1. Let o(d) = w*r(d) - 9*h(d). Determine o(-2).
0
Let c(q) = q + 4*q + 5*q + 1 - 11*q. Calculate c(-2).
3
Suppose 3*d = 5*d - 8, 4*d - 19 = -3*w. Suppose -2*f - 2*r + 13 = w, f + 2 = r. Let l(a) = -2 + 2 + f*a - 3*a + 4. Calculate l(-3).
7
Let b be ((-3)/2)/(3/(-8)). Suppose 3*s + a = -0*a, b*s = -2*a + 2. Let k(o) = 54*o + 4. Let w(h) = -40*h - 3. Let z(x) = 3*k(x) + 4*w(x). Give z(s).
-2
Let x(d) = -d**2 + d - 1. Let u(f) = 6*f + 3. Let w(q) = 7*q + 2. Let r(t) = 6*u(t) - 5*w(t). Let y be r(-7). Give x(y).
-1
Let s be 312/54 - (-4)/18. Let v(i) = 4*i**2 + 12 + 23*i + 11 - 19*i**2. Let h(o) = -7*o**2 + 11*o + 11. Let c(k) = s*v(k) - 13*h(k). Calculate c(5).
-5
Suppose -3*r - 4*f + 24 = 0, 22 = -3*r + 7*r + 2*f. Let g(h) = -h**3 + 6*h**2 - 5*h. What is g(r)?
12
Let f(v) = -v**3 + 5*v**2 - v - 2. Let s = -23 + 26. What is f(s)?
13
Let d(q) = 5*q + 2. Let i(b) = -10*b - 4. Let h(l) = 11*d(l) + 6*i(l). What is h(-3)?
13
Suppose -4*i - 12 = 0, -2*l + 4 = 5*i + 15. Let r(q) = q**2 + 2. Calculate r(l).
6
Let m(b) = -b**3 - 3*b**2 - 2*b - 3. Let t be (-3)/2*(-16)/3. Let l be (4/5)/(t/(-20)). Give m(l).
-3
Suppose 5*s - 4*m = 8, 0*s - 3*m + 29 = 5*s. Let a = s + -8. Let h(q) be the second derivative of -q**3/6 + q**2/2 + q. What is h(a)?
5
Let d(x) = -x**2 - 7*x - 7. Let g be d(-5). Let q = 25 - 22. Let u(s) = -q*s**2 - s**2 + g*s**2 - 2*s. Determine u(-1).
1
Let a be 17/(-3) - 4/(-6). Let d(p) be the second derivative of -1/2*p**2 - 1/3*p**4 + 2/3*p**3 - 1/20*p**5 + 4*p + 0. Determine d(a).
4
Let a = 18 - 20. Let g(h) = 3*h**2 + h + 2. Determine g(a).
12
Suppose 3*f + 7 = -8. Let y(j) be the second derivative of j**5/20 + j**4/3 - 5*j**3/6 + 2*j**2 + j. Determine y(f).
4
Let f(b) = 4*b + 8. Let h = -55 - -49. Give f(h).
-16
Let b(y) = -2*y**2 - y - 1. Let w(i) be the second derivative of -i**4/12 - i**3 - 7*i**2/2 - i. Let r be w(-5). Let o be (r + 1)/(1 - 0). Give b(o).
-2
Let x(d) = -d + 4. Let f be 38/8 + (-2)/(-8). Let t = 10 - f. Suppose -i + 14 = t*j, -4*i + 4 = -j - 10. Calculate x(i).
0
Let v(a) be the first derivative of a**6/360 - a**5/60 + a**4/8 - 5*a**3/3 - 9. Let f(x) be the third derivative of v(x). Give f(2).
3
Let y(a) = -a**3 - 4*a**2 + 1. Let u be y(-4). Let r be (21/(-35))/((-2)/10). Let t(q) = 2*q**2 + r*q**3 - 3*q**2 - 1 + 5*q**2 - 2*q**2. Give t(u).
4
Let p(k) = k. Let s = -37 - -36. Determine p(s).
-1
Let i(c) = 1 - 4 - c - c. Let w = 3 + 1. Let f = w - 8. What is i(f)?
5
Let t(d) = -d - 7. Suppose -3*l = -5*r + 2*l + 45, 4*r - 30 = 2*l. What is t(r)?
-13
Let m(b) = -b + 3. Let q be m(3). Suppose 2*s + q*s + 4 = 0. Let g(o) = o - o**2 - 4*o + 1 - 4. Calculate g(s).
-1
Let y(k) = 2*k. Suppose 21 = h - 4*p, 6*p + 25 = 5*h + 2*p. Determine y(h).
2
Let w(s) be the second derivative of -s**4/12 - s**3/3 + 5*s**2/2 - 14*s. Determine w(-4).
-3
Let i(v) = -v**3 - 5*v**2 + 7*v + 3. Suppose 0 = x + x + 2. Let g be 3/(x/2*1). Determine i(g).
-3
Suppose 14*q + 2 = 12*q. Let d(s) = -2*s + 2*s**2 + 1 - 5 + 3. Give d(q).
3
Let o(q) = q + 6. Let g(z) = z + 7. Let u(j) = 3*g(j) - 4*o(j). What is u(-8)?
5
Suppose 0 = 4*z + 12, -5 = 2*i + 4*z - z. Let q(c) = -5*c**2 + 4*c**2 + 3 - 5 + 3*c. What is q(i)?
0
Let o(b) = 7*b**3 - 10*b**2 - 14*b - 9. Let f(n) = 4*n**3 - 5*n**2 - 7*n - 5. Let p(r) = 5*f(r) - 3*o(r). Give p(6).
8
Let o(x) = -24*x + 3 + 26*x + 0. Let h be (-14)/3 + (-20)/(-30). Calculate o(h).
-5
Let t(b) = -5*b**3 + 3*b**2 - 10*b - 12. Let z(c) = c**3 + c + 1. Let v(j) = -t(j) - 6*z(j). Let w be 2/4 - 7/(-2). Suppose -3*m = -w + 16. What is v(m)?
6
Let o(j) be the second derivative of -j**5/120 + j**4/6 - j**3/6 - 7*j. Let m(u) be the second derivative of o(u). Determine m(7).
-3
Let z be 6 - (4 + 0) - 2. Let f(u) be the second derivative of -u**3/6 - 7*u**2/2 + 4*u. Give f(z).
-7
Suppose 3*f - 10 = -3*q + 2*f, -2*f = -3*q - 2. Let m(g) = g - g**2 + g - 1 + q*g**2. Let x be 14/21*6/(-2). What is m(x)?
-1
Let b(q) = -6*q - 30. Let t(d) = -d - 6. Let u(s) = -2*b(s) + 11*t(s). Calculate u(5).
-1
Let f(u) = 4*u**2 + u + 0*u**3 - 3 + u**3 - 2*u. Let o(i) = -7*i + 5. Let y be o(3). Let c = y - -12. Give f(c).
1
Let x(k) = 9*k - 11. Let u(i) = 5*i - 6. Let j be 7 - (-3)/(-6)*0. Let g(m) = j*u(m) - 4*x(m). What is g(4)?
-2
Let g(o) = 2*o - 1. Let c(w) = -2*w. Let a be c(-2). Suppose -a + 10 = 2*h. Calculate g(h).
5
Let k(o) be the second derivative of -o**7/1260 - o**6/360 + o**5/40 + o**4/12 - 7*o. Let v(p) be the third derivative of k(p). Calculate v(2).
-9
Let v(p) = -p**3 + 5*p**2 + p - 6. Suppose 3*q - 3*o - 32 = -2, 0 = -q - 3*o - 10. What is v(q)?
-1
Suppose 6*i - 2*i - 20 = -4*n, 4*n - 12 = 4*i. Suppose d - 3 = i. Let a(u) = u**2 - 2*u. Give a(d).
8
Let l(p) be the first derivative of -4/3*p**3 - 1/8*p**4 - 1/24*p**5 - 3 + 0*p + 0*p**2. Let m(j) be the third derivative of l(j). What is m(-2)?
7
Let j(a) be the third derivative of a**8/20160 - a**7/5040 - a**6/720 - a**5/20 + a**2. Let w(m) be the third derivative of j(m). Determine w(-1).
1
Suppose 0 = -5*k + u - 42 + 209, 0 = 3*u + 6. Suppose -4*x + 17 = -5*t - 24, -2*x + 5*t + k = 0. Let v(o) = -2 - 2 + x + 4*o - o**3 + 2 + 4*o**2. Give v(5).
-3
Let n(v) be the third derivative of -v**5/60 + 5*v**4/24 - v**3/3 - 15*v**2. Determine n(4).
2
Let g(y) = -2*y**3 + 5*y**2 + 6*y + 6. Let d(f) = -f**3. Let t(i) = -3*d(i) + g(i). Let n = 16 - 30. Let q = n - -10. Calculate t(q).
-2
Let o(w) = -w**2 + 30. Let v be o(0). Suppose 4*z = n - v, 3*n - 2*z = -0*z + 40. Let k(i) = -3*i + 4*i**2 + 5*i + 6 - n*i**2 + i**3. Calculate k(5).
-9
Suppose 22 = -3*z + 4. Let r be (z/(-12))/((-1)/(-2)). Let x(m) = m + 1. Determine x(r).
2
Let a(k) = -2*k - 4. Let g be (-2 + 5)*8/(-6). Give a(g).
4
Suppose 0*a = 2*a + q + 54, -3*a - 83 = 2*q. Let t = 22 + a. Let j(l) = -5*l**2 - l - 8. Let f(b) = b**2 + 2. Let g(d) = 9*f(d) + 2*j(d). Give g(t).
-1
Let c(f) = f - 4. Suppose 6 = 2*v + v. Suppose 0 = -v*y - 2*y. Suppose 2 = -4*t - 2*m, 5*t + 35 = -y*t + 4*m. What is c(t)?
-7
Let u(z) = z**2 - 8*z + 8. Let q(n) = n**2 + 10*n + 27. Let b be q(-7). What is u(b)?
-4
Let o(w) = w + 4. Let k(y) = -y + 5. Let b be k(2). What is o(b)?
7
Let d(b) = 16*b - 6*b + 1 + 0*b - 4*b. Determine d(1).
7
Let k(j) = 2*j**2 + 2*j + 2. Suppose -5*d = -2*u + 18, 9 - 21 = -3*u. Calculate k(d).
6
Let z(j) = -j. Let u(y) = y**2 + 4*y + 1. Suppose 2 - 3 = -q - 3*n, 0 = -3*q + 5*n + 3. Let a(i) = q*u(i) + 4*z(i). Give a(0).
1
Suppose -3 = 3*h - 4*k, -3*h - 3*k - 2*k + 24 = 0. Let w = h + -2. Let u be w/(0 - 1)*5. Let s(v) = v**2 + 4*v - 4. Give s(u).
1
Suppose 4*c + 0*c + 2*l - 30 = 0, -c = -3*l + 10. Let x(u) = -u. Let o(b) = b**2. Let f(p) = o(p) + 6*x(p). Determine f(c).
-5
Let v = 4 - 9. Let i(t) = -t**3 - 12*t**2 - 13*t - 16. Let p be i(-11). Let n(y) = -5*y + 3*y + 5 + y**2 + p*y. Calculate n(v).
10
Let b(q) = q + 13. Let j be b(-12). Let x(c) = -2*c + 1. Let i be x(j). Let p(w) = 2*w + 1. Let t(a) = -a - 1. Let u(d) = -6*p(d) - 5*t(d). Give u(i).
6
Let z be -6 + 6 + 7/1. Suppose 5 = z*n - 2*n. Let x(i) = -7*i - 1. Determine x(n).
-8
Let k(u) be the third derivative of -u**5/60 - u**4/24 - u**3/6 - 2*u**2. Let x(i) = 2*i**2 - i + 3. Let m(f) = 3*k(f) + x(f). What is m(-3)?
3
Suppose 4*a - 6 - 6 = 0. Let n = 6 + -4. Let y(c) = 2 - 1 - n*c**2 + 1 + 2*c. Determine y(a).
-10
Let n(q) be the third derivative of 1/60*q**5 + 0 - 1/6*q**3 + 1/12*q**4 + 0*q + 2*q**2. Let o(h) be the first derivative of n(h). Calculate o(-2).
-2
Let x be (-52)/(-8) + 6/(-4). Suppose -3*r + x*s + 11 = 0, -2*s = s + 12. Let d(f) be the first derivative of -f**3/3 - 2*f**2 - 4*f - 1. What is d(r)?
-1
Let p(m) = -m**2 + 8*m + 2. Let v be p(8). Let i(g) = -9 - 3*g**v - 6*g**2 - g**2 + 9*g**2 - 9*g. Give i(-7).
5
Let i(v) be the second derivative of -v**3/6 - 3*v**2/2 + 14*v. What is i(4)?
-7
Let j(v) be the second derivative of -v**4/12 + v**3 - 3*v**2/2 + 17*v. Suppose 0 = 3*u - 4*u - 1. Let f be (-21)/(-4) - u/(-4). What is j(f)?
2
Let z(y) = -y**3 - 4*y**2 + 5*y + 5. Let p be z(-5). Let j(f) = f - 6. Let c be j(p). Let h(d) = 0*d**2 - 3*d**2